{"id":630,"date":"2015-12-09T05:52:49","date_gmt":"2015-12-09T05:52:49","guid":{"rendered":"http:\/\/www.missionfrance.fr\/SITEMISSION\/?post_type=tribe_events&#038;p=630"},"modified":"2015-12-09T05:52:49","modified_gmt":"2015-12-09T05:52:49","slug":"reunion-preparation-evangelisationpriere-intercession","status":"publish","type":"tribe_events","link":"https:\/\/www.missionfrance.fr\/SITEMISSION\/evenement\/reunion-preparation-evangelisationpriere-intercession\/","title":{"rendered":"R\u00e9union pr\u00e9paration \u00e9vang\u00e9lisation\/pri\u00e8re-intercession"},"content":{"rendered":"","protected":false},"excerpt":{"rendered":"","protected":false},"author":1,"featured_media":0,"template":"","meta":{"_tribe_events_status":"","_tribe_events_status_reason":"","footnotes":""},"tags":[],"tribe_events_cat":[8],"class_list":["post-630","tribe_events","type-tribe_events","status-publish","hentry","tribe_events_cat-reunion-de-priere","cat_reunion-de-priere","post"],"_links":{"self":[{"href":"https:\/\/www.missionfrance.fr\/SITEMISSION\/wp-json\/wp\/v2\/tribe_events\/630","targetHints":{"allow":["GET"]}}],"collection":[{"href":"https:\/\/www.missionfrance.fr\/SITEMISSION\/wp-json\/wp\/v2\/tribe_events"}],"about":[{"href":"https:\/\/www.missionfrance.fr\/SITEMISSION\/wp-json\/wp\/v2\/types\/tribe_events"}],"author":[{"embeddable":true,"href":"https:\/\/www.missionfrance.fr\/SITEMISSION\/wp-json\/wp\/v2\/users\/1"}],"version-history":[{"count":0,"href":"https:\/\/www.missionfrance.fr\/SITEMISSION\/wp-json\/wp\/v2\/tribe_events\/630\/revisions"}],"wp:attachment":[{"href":"https:\/\/www.missionfrance.fr\/SITEMISSION\/wp-json\/wp\/v2\/media?parent=630"}],"wp:term":[{"taxonomy":"post_tag","embeddable":true,"href":"https:\/\/www.missionfrance.fr\/SITEMISSION\/wp-json\/wp\/v2\/tags?post=630"},{"taxonomy":"tribe_events_cat","embeddable":true,"href":"https:\/\/www.missionfrance.fr\/SITEMISSION\/wp-json\/wp\/v2\/tribe_events_cat?post=630"}],"curies":[{"name":"wp","href":"https:\/\/api.w.org\/{rel}","templated":true}]}}

Réunion préparation évangélisation/prière-intercession
